{"id":456,"date":"2020-01-13T11:17:52","date_gmt":"2020-01-13T11:17:52","guid":{"rendered":"https:\/\/demosites.io\/web-agency-gb\/?page_id=5"},"modified":"2025-12-10T16:26:28","modified_gmt":"2025-12-10T16:26:28","slug":"etusivu","status":"publish","type":"page","link":"http:\/\/www.lahdenensihoitopalvelu.fi\/","title":{"rendered":"Etusivu"},"content":{"rendered":"\t\t<div data-elementor-type=\"wp-page\" data-elementor-id=\"456\" class=\"elementor elementor-456\">\n\t\t\t\t\t\t\t\t\t<section class=\"elementor-section elementor-top-section elementor-element elementor-element-4b2bd19f elementor-section-boxed elementor-section-height-default elementor-section-height-default\" data-id=\"4b2bd19f\" data-element_type=\"section\">\n\t\t\t\t\t\t<div class=\"elementor-container elementor-column-gap-custom\">\n\t\t\t\t\t<div class=\"elementor-column elementor-col-100 elementor-top-column elementor-element elementor-element-3c51b3a7\" data-id=\"3c51b3a7\" data-element_type=\"column\">\n\t\t\t<div class=\"elementor-widget-wrap elementor-element-populated\">\n\t\t\t\t\t\t\t\t<div class=\"elementor-element elementor-element-5d4de953 elementor-widget elementor-widget-text-editor\" data-id=\"5d4de953\" data-element_type=\"widget\" data-widget_type=\"text-editor.default\">\n\t\t\t\t<div class=\"elementor-widget-container\">\n\t\t\t<style>\/*! elementor - v3.8.0 - 30-10-2022 *\/\n.elementor-widget-text-editor.elementor-drop-cap-view-stacked .elementor-drop-cap{background-color:#818a91;color:#fff}.elementor-widget-text-editor.elementor-drop-cap-view-framed .elementor-drop-cap{color:#818a91;border:3px solid;background-color:transparent}.elementor-widget-text-editor:not(.elementor-drop-cap-view-default) .elementor-drop-cap{margin-top:8px}.elementor-widget-text-editor:not(.elementor-drop-cap-view-default) .elementor-drop-cap-letter{width:1em;height:1em}.elementor-widget-text-editor .elementor-drop-cap{float:left;text-align:center;line-height:1;font-size:50px}.elementor-widget-text-editor .elementor-drop-cap-letter{display:inline-block}<\/style>\t\t\t\t\t\t\t\t\t\t<\/div>\n\t\t\t\t<\/div>\n\t\t\t\t\t<\/div>\n\t\t<\/div>\n\t\t\t\t\t\t\t<\/div>\n\t\t<\/section>\n\t\t\t\t<section class=\"elementor-section elementor-top-section elementor-element elementor-element-51421738 elementor-section-height-min-height elementor-section-content-space-evenly elementor-section-boxed elementor-section-height-default elementor-section-items-middle\" data-id=\"51421738\" data-element_type=\"section\" data-settings=\"{&quot;background_background&quot;:&quot;classic&quot;}\">\n\t\t\t\t\t\t\t<div class=\"elementor-background-overlay\"><\/div>\n\t\t\t\t\t\t\t<div class=\"elementor-container elementor-column-gap-no\">\n\t\t\t\t\t<div class=\"elementor-column elementor-col-100 elementor-top-column elementor-element elementor-element-2e5aef58\" data-id=\"2e5aef58\" data-element_type=\"column\">\n\t\t\t<div class=\"elementor-widget-wrap elementor-element-populated\">\n\t\t\t\t\t\t\t\t<section class=\"elementor-section elementor-inner-section elementor-element elementor-element-18fea2e5 elementor-section-full_width elementor-section-height-default elementor-section-height-default\" data-id=\"18fea2e5\" data-element_type=\"section\">\n\t\t\t\t\t\t<div class=\"elementor-container elementor-column-gap-default\">\n\t\t\t\t\t<div class=\"elementor-column elementor-col-50 elementor-inner-column elementor-element elementor-element-64b05cf1\" data-id=\"64b05cf1\" data-element_type=\"column\">\n\t\t\t<div class=\"elementor-widget-wrap elementor-element-populated\">\n\t\t\t\t\t\t\t\t<div class=\"elementor-element elementor-element-560aacb9 animated-slow elementor-invisible elementor-widget elementor-widget-image\" data-id=\"560aacb9\" data-element_type=\"widget\" data-settings=\"{&quot;_animation&quot;:&quot;fadeInUp&quot;,&quot;_animation_delay&quot;:200}\" data-widget_type=\"image.default\">\n\t\t\t\t<div class=\"elementor-widget-container\">\n\t\t\t<style>\/*! elementor - v3.8.0 - 30-10-2022 *\/\n.elementor-widget-image{text-align:center}.elementor-widget-image a{display:inline-block}.elementor-widget-image a img[src$=\".svg\"]{width:48px}.elementor-widget-image img{vertical-align:middle;display:inline-block}<\/style>\t\t\t\t\t\t\t\t\t\t\t\t<img decoding=\"async\" width=\"2560\" height=\"1920\" src=\"http:\/\/www.lahdenensihoitopalvelu.fi\/wp-content\/uploads\/2022\/12\/P1010289-scaled.jpg\" class=\"attachment-full size-full\" alt=\"\" loading=\"lazy\" srcset=\"http:\/\/www.lahdenensihoitopalvelu.fi\/wp-content\/uploads\/2022\/12\/P1010289-scaled.jpg 2560w, http:\/\/www.lahdenensihoitopalvelu.fi\/wp-content\/uploads\/2022\/12\/P1010289-300x225.jpg 300w, http:\/\/www.lahdenensihoitopalvelu.fi\/wp-content\/uploads\/2022\/12\/P1010289-1024x768.jpg 1024w, http:\/\/www.lahdenensihoitopalvelu.fi\/wp-content\/uploads\/2022\/12\/P1010289-768x576.jpg 768w, http:\/\/www.lahdenensihoitopalvelu.fi\/wp-content\/uploads\/2022\/12\/P1010289-1536x1152.jpg 1536w, http:\/\/www.lahdenensihoitopalvelu.fi\/wp-content\/uploads\/2022\/12\/P1010289-2048x1536.jpg 2048w\" sizes=\"(max-width: 2560px) 100vw, 2560px\" \/>\t\t\t\t\t\t\t\t\t\t\t\t\t\t\t<\/div>\n\t\t\t\t<\/div>\n\t\t\t\t\t<\/div>\n\t\t<\/div>\n\t\t\t\t<div class=\"elementor-column elementor-col-50 elementor-inner-column elementor-element elementor-element-787878dd\" data-id=\"787878dd\" data-element_type=\"column\">\n\t\t\t<div class=\"elementor-widget-wrap elementor-element-populated\">\n\t\t\t\t\t\t\t\t<div class=\"elementor-element elementor-element-725650e1 elementor-invisible elementor-widget elementor-widget-text-editor\" data-id=\"725650e1\" data-element_type=\"widget\" data-settings=\"{&quot;_animation&quot;:&quot;fadeIn&quot;}\" data-widget_type=\"text-editor.default\">\n\t\t\t\t<div class=\"elementor-widget-container\">\n\t\t\t\t\t\t\t<p>Laadukasta ensihoitoa<\/p>\t\t\t\t\t\t<\/div>\n\t\t\t\t<\/div>\n\t\t\t\t<div class=\"elementor-element elementor-element-5592efa elementor-invisible elementor-widget elementor-widget-text-editor\" data-id=\"5592efa\" data-element_type=\"widget\" data-settings=\"{&quot;_animation&quot;:&quot;fadeIn&quot;}\" data-widget_type=\"text-editor.default\">\n\t\t\t\t<div class=\"elementor-widget-container\">\n\t\t\t\t\t\t\t<p>Yrityksell\u00e4mme on yli 40 vuoden kokemus laadukkaan ensihoitopalvelun tuottamisesta.<\/p><p>T\u00e4ll\u00e4 hetkell\u00e4 yrityksemme keskittyy erilaisten tapahtumap\u00e4ivystyksien ja kiireett\u00f6m\u00e4n sairaankuljetuksen tuottamiseen.\u00a0<\/p><p>Tuottamamme ensihoitopalvelu on hoitotasoista. Toimimme koko Suomessa ja meill\u00e4 on Suomen laajuiset hoitotasoiset toimiluvat lukuunottamatta Ahvenanmaata. Kysy rohkeasti lis\u00e4\u00e4 palveluistamme!<\/p><p><span style=\"font-size: 17.6px;\">Ota meihin yhteytt\u00e4, niin r\u00e4\u00e4t\u00e4l\u00f6id\u00e4\u00e4n juuri sinulle soveltuva palvelu kilpailukykyiseen hintaan!<\/span><\/p>\t\t\t\t\t\t<\/div>\n\t\t\t\t<\/div>\n\t\t\t\t\t<\/div>\n\t\t<\/div>\n\t\t\t\t\t\t\t<\/div>\n\t\t<\/section>\n\t\t\t\t\t<\/div>\n\t\t<\/div>\n\t\t\t\t\t\t\t<\/div>\n\t\t<\/section>\n\t\t\t\t<section class=\"elementor-section elementor-top-section elementor-element elementor-element-85c3024 elementor-section-boxed elementor-section-height-default elementor-section-height-default\" data-id=\"85c3024\" data-element_type=\"section\">\n\t\t\t\t\t\t<div class=\"elementor-container elementor-column-gap-default\">\n\t\t\t\t\t<div class=\"elementor-column elementor-col-100 elementor-top-column elementor-element elementor-element-fca0ddf\" data-id=\"fca0ddf\" data-element_type=\"column\">\n\t\t\t<div class=\"elementor-widget-wrap elementor-element-populated\">\n\t\t\t\t\t\t\t\t<div class=\"elementor-element elementor-element-722de81 elementor-widget elementor-widget-heading\" data-id=\"722de81\" data-element_type=\"widget\" data-widget_type=\"heading.default\">\n\t\t\t\t<div class=\"elementor-widget-container\">\n\t\t\t<style>\/*! elementor - v3.8.0 - 30-10-2022 *\/\n.elementor-heading-title{padding:0;margin:0;line-height:1}.elementor-widget-heading .elementor-heading-title[class*=elementor-size-]>a{color:inherit;font-size:inherit;line-height:inherit}.elementor-widget-heading .elementor-heading-title.elementor-size-small{font-size:15px}.elementor-widget-heading .elementor-heading-title.elementor-size-medium{font-size:19px}.elementor-widget-heading .elementor-heading-title.elementor-size-large{font-size:29px}.elementor-widget-heading .elementor-heading-title.elementor-size-xl{font-size:39px}.elementor-widget-heading .elementor-heading-title.elementor-size-xxl{font-size:59px}<\/style><h2 class=\"elementor-heading-title elementor-size-default\">Palvelumme<\/h2>\t\t<\/div>\n\t\t\t\t<\/div>\n\t\t\t\t<div class=\"elementor-element elementor-element-9582f43 elementor-widget elementor-widget-text-editor\" data-id=\"9582f43\" data-element_type=\"widget\" data-widget_type=\"text-editor.default\">\n\t\t\t\t<div class=\"elementor-widget-container\">\n\t\t\t\t\t\t\t<p>R\u00e4\u00e4t\u00e4l\u00f6imme palvelumme yksil\u00f6llisesti juuri sinun tarpeisiisi. Avustamme my\u00f6s palvelutarpeen sek\u00e4 kokonaisuuden arvioinnissa ja ohjaamme tarvittaessa oikean palvelun piiriin. Toimintamme on laatusertifioitua ja t\u00e4ytt\u00e4\u00e4 ISO 9001:2015 standardin vaatimukset.<\/p>\t\t\t\t\t\t<\/div>\n\t\t\t\t<\/div>\n\t\t\t\t\t<\/div>\n\t\t<\/div>\n\t\t\t\t\t\t\t<\/div>\n\t\t<\/section>\n\t\t\t\t<section class=\"elementor-section elementor-top-section elementor-element elementor-element-11e460c elementor-section-boxed elementor-section-height-default elementor-section-height-default\" data-id=\"11e460c\" data-element_type=\"section\">\n\t\t\t\t\t\t<div class=\"elementor-container elementor-column-gap-default\">\n\t\t\t\t\t<div class=\"elementor-column elementor-col-100 elementor-top-column elementor-element elementor-element-1eb4253\" data-id=\"1eb4253\" data-element_type=\"column\">\n\t\t\t<div class=\"elementor-widget-wrap elementor-element-populated\">\n\t\t\t\t\t\t\t\t<section class=\"elementor-section elementor-inner-section elementor-element elementor-element-912d5a9 elementor-section-boxed elementor-section-height-default elementor-section-height-default\" data-id=\"912d5a9\" data-element_type=\"section\">\n\t\t\t\t\t\t<div class=\"elementor-container elementor-column-gap-default\">\n\t\t\t\t\t<div class=\"elementor-column elementor-col-50 elementor-inner-column elementor-element elementor-element-723bee7\" data-id=\"723bee7\" data-element_type=\"column\">\n\t\t\t<div class=\"elementor-widget-wrap elementor-element-populated\">\n\t\t\t\t\t\t\t\t<div class=\"elementor-element elementor-element-be2a764 elementor-position-top elementor-view-default elementor-mobile-position-top elementor-vertical-align-top elementor-widget elementor-widget-icon-box\" data-id=\"be2a764\" data-element_type=\"widget\" data-widget_type=\"icon-box.default\">\n\t\t\t\t<div class=\"elementor-widget-container\">\n\t\t\t<link rel=\"stylesheet\" href=\"http:\/\/www.lahdenensihoitopalvelu.fi\/wp-content\/uploads\/elementor\/css\/custom-widget-icon-box.min.css?ver=1670864472\">\t\t<div class=\"elementor-icon-box-wrapper\">\n\t\t\t\t\t\t<div class=\"elementor-icon-box-icon\">\n\t\t\t\t<a class=\"elementor-icon elementor-animation-\" href=\"http:\/\/www.lahdenensihoitopalvelu.fi\/?page_id=387\">\n\t\t\t\t<i aria-hidden=\"true\" class=\"fas fa-hockey-puck\"><\/i>\t\t\t\t<\/a>\n\t\t\t<\/div>\n\t\t\t\t\t\t<div class=\"elementor-icon-box-content\">\n\t\t\t\t<h3 class=\"elementor-icon-box-title\">\n\t\t\t\t\t<a href=\"http:\/\/www.lahdenensihoitopalvelu.fi\/?page_id=387\" >\n\t\t\t\t\t\tTapahtumap\u00e4ivystykset\t\t\t\t\t<\/a>\n\t\t\t\t<\/h3>\n\t\t\t\t\t\t\t<\/div>\n\t\t<\/div>\n\t\t\t\t<\/div>\n\t\t\t\t<\/div>\n\t\t\t\t\t<\/div>\n\t\t<\/div>\n\t\t\t\t<div class=\"elementor-column elementor-col-50 elementor-inner-column elementor-element elementor-element-60ba8eb\" data-id=\"60ba8eb\" data-element_type=\"column\">\n\t\t\t<div class=\"elementor-widget-wrap elementor-element-populated\">\n\t\t\t\t\t\t\t\t<div class=\"elementor-element elementor-element-100b8bf elementor-position-top elementor-widget__width-inherit elementor-view-default elementor-mobile-position-top elementor-vertical-align-top elementor-widget elementor-widget-icon-box\" data-id=\"100b8bf\" data-element_type=\"widget\" data-widget_type=\"icon-box.default\">\n\t\t\t\t<div class=\"elementor-widget-container\">\n\t\t\t\t\t<div class=\"elementor-icon-box-wrapper\">\n\t\t\t\t\t\t<div class=\"elementor-icon-box-icon\">\n\t\t\t\t<a class=\"elementor-icon elementor-animation-\" href=\"http:\/\/www.lahdenensihoitopalvelu.fi\/?page_id=387\">\n\t\t\t\t<i aria-hidden=\"true\" class=\"fas fa-ambulance\"><\/i>\t\t\t\t<\/a>\n\t\t\t<\/div>\n\t\t\t\t\t\t<div class=\"elementor-icon-box-content\">\n\t\t\t\t<h3 class=\"elementor-icon-box-title\">\n\t\t\t\t\t<a href=\"http:\/\/www.lahdenensihoitopalvelu.fi\/?page_id=387\" >\n\t\t\t\t\t\tKiireet\u00f6n sairaankuljetus\t\t\t\t\t<\/a>\n\t\t\t\t<\/h3>\n\t\t\t\t\t\t\t<\/div>\n\t\t<\/div>\n\t\t\t\t<\/div>\n\t\t\t\t<\/div>\n\t\t\t\t\t<\/div>\n\t\t<\/div>\n\t\t\t\t\t\t\t<\/div>\n\t\t<\/section>\n\t\t\t\t<section class=\"elementor-section elementor-inner-section elementor-element elementor-element-3e9265b elementor-section-boxed elementor-section-height-default elementor-section-height-default\" data-id=\"3e9265b\" data-element_type=\"section\">\n\t\t\t\t\t\t<div class=\"elementor-container elementor-column-gap-default\">\n\t\t\t\t\t<div class=\"elementor-column elementor-col-50 elementor-inner-column elementor-element elementor-element-e203855\" data-id=\"e203855\" data-element_type=\"column\">\n\t\t\t<div class=\"elementor-widget-wrap elementor-element-populated\">\n\t\t\t\t\t\t\t\t<div class=\"elementor-element elementor-element-0016837 elementor-widget elementor-widget-image\" data-id=\"0016837\" data-element_type=\"widget\" data-widget_type=\"image.default\">\n\t\t\t\t<div class=\"elementor-widget-container\">\n\t\t\t\t\t\t\t\t\t\t\t\t\t\t\t<img decoding=\"async\" width=\"138\" height=\"300\" src=\"http:\/\/www.lahdenensihoitopalvelu.fi\/wp-content\/uploads\/2023\/01\/FI-ISO-9001_lores1-138x300.jpg\" class=\"attachment-medium size-medium\" alt=\"\" loading=\"lazy\" srcset=\"http:\/\/www.lahdenensihoitopalvelu.fi\/wp-content\/uploads\/2023\/01\/FI-ISO-9001_lores1-138x300.jpg 138w, http:\/\/www.lahdenensihoitopalvelu.fi\/wp-content\/uploads\/2023\/01\/FI-ISO-9001_lores1-470x1024.jpg 470w, http:\/\/www.lahdenensihoitopalvelu.fi\/wp-content\/uploads\/2023\/01\/FI-ISO-9001_lores1.jpg 615w\" sizes=\"(max-width: 138px) 100vw, 138px\" \/>\t\t\t\t\t\t\t\t\t\t\t\t\t\t\t<\/div>\n\t\t\t\t<\/div>\n\t\t\t\t\t<\/div>\n\t\t<\/div>\n\t\t\t\t<div class=\"elementor-column elementor-col-50 elementor-inner-column elementor-element elementor-element-4a833cc\" data-id=\"4a833cc\" data-element_type=\"column\">\n\t\t\t<div class=\"elementor-widget-wrap elementor-element-populated\">\n\t\t\t\t\t\t\t\t<div class=\"elementor-element elementor-element-8716e20 elementor-widget elementor-widget-image\" data-id=\"8716e20\" data-element_type=\"widget\" data-widget_type=\"image.default\">\n\t\t\t\t<div class=\"elementor-widget-container\">\n\t\t\t\t\t\t\t\t\t\t\t\t\t\t\t<img decoding=\"async\" width=\"842\" height=\"396\" src=\"http:\/\/www.lahdenensihoitopalvelu.fi\/wp-content\/uploads\/2023\/01\/LK_valkoinen_rgb.jpg\" class=\"attachment-large size-large\" alt=\"\" loading=\"lazy\" srcset=\"http:\/\/www.lahdenensihoitopalvelu.fi\/wp-content\/uploads\/2023\/01\/LK_valkoinen_rgb.jpg 842w, http:\/\/www.lahdenensihoitopalvelu.fi\/wp-content\/uploads\/2023\/01\/LK_valkoinen_rgb-300x141.jpg 300w, http:\/\/www.lahdenensihoitopalvelu.fi\/wp-content\/uploads\/2023\/01\/LK_valkoinen_rgb-768x361.jpg 768w\" sizes=\"(max-width: 842px) 100vw, 842px\" \/>\t\t\t\t\t\t\t\t\t\t\t\t\t\t\t<\/div>\n\t\t\t\t<\/div>\n\t\t\t\t\t<\/div>\n\t\t<\/div>\n\t\t\t\t\t\t\t<\/div>\n\t\t<\/section>\n\t\t\t\t\t<\/div>\n\t\t<\/div>\n\t\t\t\t\t\t\t<\/div>\n\t\t<\/section>\n\t\t\t\t<section class=\"elementor-section elementor-top-section elementor-element elementor-element-d298d13 elementor-section-boxed elementor-section-height-default elementor-section-height-default\" data-id=\"d298d13\" data-element_type=\"section\">\n\t\t\t\t\t\t<div class=\"elementor-container elementor-column-gap-default\">\n\t\t\t\t\t<div class=\"elementor-column elementor-col-100 elementor-top-column elementor-element elementor-element-a59b760\" data-id=\"a59b760\" data-element_type=\"column\">\n\t\t\t<div class=\"elementor-widget-wrap elementor-element-populated\">\n\t\t\t\t\t\t\t\t<div class=\"elementor-element elementor-element-9498344 elementor-widget elementor-widget-image\" data-id=\"9498344\" data-element_type=\"widget\" data-widget_type=\"image.default\">\n\t\t\t\t<div class=\"elementor-widget-container\">\n\t\t\t\t\t\t\t\t\t\t\t\t\t\t\t<img decoding=\"async\" width=\"300\" height=\"171\" src=\"http:\/\/www.lahdenensihoitopalvelu.fi\/wp-content\/uploads\/2025\/12\/suomen_yrittajat_logo-300x171.jpg\" class=\"attachment-medium size-medium\" alt=\"\" loading=\"lazy\" srcset=\"http:\/\/www.lahdenensihoitopalvelu.fi\/wp-content\/uploads\/2025\/12\/suomen_yrittajat_logo-300x171.jpg 300w, http:\/\/www.lahdenensihoitopalvelu.fi\/wp-content\/uploads\/2025\/12\/suomen_yrittajat_logo.jpg 615w\" sizes=\"(max-width: 300px) 100vw, 300px\" \/>\t\t\t\t\t\t\t\t\t\t\t\t\t\t\t<\/div>\n\t\t\t\t<\/div>\n\t\t\t\t\t<\/div>\n\t\t<\/div>\n\t\t\t\t\t\t\t<\/div>\n\t\t<\/section>\n\t\t\t\t\t\t\t<\/div>\n\t\t","protected":false},"excerpt":{"rendered":"<p>Laadukasta ensihoitoa Yrityksell\u00e4mme on yli 40 vuoden kokemus laadukkaan ensihoitopalvelun tuottamisesta. T\u00e4ll\u00e4 hetkell\u00e4 yrityksemme keskittyy erilaisten tapahtumap\u00e4ivystyksien ja kiireett\u00f6m\u00e4n sairaankuljetuksen tuottamiseen.\u00a0 Tuottamamme ensihoitopalvelu on hoitotasoista. Toimimme koko Suomessa ja meill\u00e4 on Suomen laajuiset hoitotasoiset toimiluvat lukuunottamatta Ahvenanmaata. Kysy rohkeasti lis\u00e4\u00e4 palveluistamme! Ota meihin yhteytt\u00e4, niin r\u00e4\u00e4t\u00e4l\u00f6id\u00e4\u00e4n juuri sinulle soveltuva palvelu kilpailukykyiseen hintaan! Palvelumme R\u00e4\u00e4t\u00e4l\u00f6imme palvelumme&hellip;&nbsp;<a href=\"http:\/\/www.lahdenensihoitopalvelu.fi\/\" class=\"\" rel=\"bookmark\">Lue lis\u00e4\u00e4 &raquo;<span class=\"screen-reader-text\">Etusivu<\/span><\/a><\/p>\n","protected":false},"author":1,"featured_media":0,"parent":0,"menu_order":0,"comment_status":"closed","ping_status":"closed","template":"page-templates\/template-pagebuilder-full-width.php","meta":{"neve_meta_sidebar":"default","neve_meta_container":"default","neve_meta_enable_content_width":"on","neve_meta_content_width":100,"neve_meta_title_alignment":"","neve_meta_author_avatar":"","neve_post_elements_order":"","neve_meta_disable_header":"","neve_meta_disable_footer":"","neve_meta_disable_title":"on","_themeisle_gutenberg_block_has_review":false,"_ti_tpc_template_sync":false,"_ti_tpc_template_id":"cwhkd9lki581rusuhjti"},"_links":{"self":[{"href":"http:\/\/www.lahdenensihoitopalvelu.fi\/index.php?rest_route=\/wp\/v2\/pages\/456"}],"collection":[{"href":"http:\/\/www.lahdenensihoitopalvelu.fi\/index.php?rest_route=\/wp\/v2\/pages"}],"about":[{"href":"http:\/\/www.lahdenensihoitopalvelu.fi\/index.php?rest_route=\/wp\/v2\/types\/page"}],"author":[{"embeddable":true,"href":"http:\/\/www.lahdenensihoitopalvelu.fi\/index.php?rest_route=\/wp\/v2\/users\/1"}],"replies":[{"embeddable":true,"href":"http:\/\/www.lahdenensihoitopalvelu.fi\/index.php?rest_route=%2Fwp%2Fv2%2Fcomments&post=456"}],"version-history":[{"count":88,"href":"http:\/\/www.lahdenensihoitopalvelu.fi\/index.php?rest_route=\/wp\/v2\/pages\/456\/revisions"}],"predecessor-version":[{"id":938,"href":"http:\/\/www.lahdenensihoitopalvelu.fi\/index.php?rest_route=\/wp\/v2\/pages\/456\/revisions\/938"}],"wp:attachment":[{"href":"http:\/\/www.lahdenensihoitopalvelu.fi\/index.php?rest_route=%2Fwp%2Fv2%2Fmedia&parent=456"}],"curies":[{"name":"wp","href":"https:\/\/api.w.org\/{rel}","templated":true}]}}